{"id":2,"date":"2024-02-21T20:39:03","date_gmt":"2024-02-21T19:39:03","guid":{"rendered":"http:\/\/explorandolared.com\/?page_id=2"},"modified":"2024-03-14T10:04:22","modified_gmt":"2024-03-14T09:04:22","slug":"pagina-ejemplo","status":"publish","type":"page","link":"https:\/\/explorandolared.com\/","title":{"rendered":"Quienes somos&#8230;"},"content":{"rendered":"<div class=\"wp-block-image\">\n<figure class=\"aligncenter size-full\"><img loading=\"lazy\" decoding=\"async\" width=\"789\" height=\"227\" src=\"http:\/\/explorandolared.com\/wp-content\/uploads\/2024\/03\/logo11-6.png\" alt=\"\" class=\"wp-image-160\" srcset=\"https:\/\/explorandolared.com\/wp-content\/uploads\/2024\/03\/logo11-6.png 789w, https:\/\/explorandolared.com\/wp-content\/uploads\/2024\/03\/logo11-6-300x86.png 300w, https:\/\/explorandolared.com\/wp-content\/uploads\/2024\/03\/logo11-6-768x221.png 768w, https:\/\/explorandolared.com\/wp-content\/uploads\/2024\/03\/logo11-6-350x100.png 350w\" sizes=\"(max-width: 789px) 100vw, 789px\" \/><\/figure><\/div>\n\n\n<p>\u00a1Bienvenido a Explorando La Red! Somos tu destino definitivo para inspirarte con historias de \u00e9xito de emprendedores destacados en el mundo digital o anal\u00f3gico que nos llamen la atenci\u00f3n de forma especial. Desde visionarios que han revolucionado industrias hasta innovadores que han transformado sue\u00f1os en realidades, aqu\u00ed encontrar\u00e1s una recopilaci\u00f3n exclusiva de entrevistas en video con estos l\u00edderes empresariales. Sum\u00e9rgete en sus fascinantes trayectorias, aprende de sus experiencias y descubre los secretos detr\u00e1s de sus \u00e9xitos. Adem\u00e1s, explora nuestra secci\u00f3n de libros, donde podr\u00e1s encontrar obras escritas por estos emprendedores y sus empresas, brind\u00e1ndote a\u00fan m\u00e1s conocimiento y sabidur\u00eda para tu propio viaje emprendedor. \u00a1\u00danete a nosotros y prep\u00e1rate para inspirarte, aprender y crecer junto a los grandes nombres del emprendimiento en internet!<\/p>\n","protected":false},"excerpt":{"rendered":"<p>\u00a1Bienvenido a Explorando La Red! Somos tu destino definitivo para inspirarte con historias de \u00e9xito de emprendedores destacados en el mundo digital o anal\u00f3gico que nos llamen la atenci\u00f3n de forma especial. Desde visionarios que han revolucionado industrias hasta innovadores que han transformado sue\u00f1os en realidades, aqu\u00ed encontrar\u00e1s una recopilaci\u00f3n exclusiva de entrevistas en video [&hellip;]<\/p>\n","protected":false},"author":1,"featured_media":0,"parent":0,"menu_order":0,"comment_status":"closed","ping_status":"open","template":"","meta":{"om_disable_all_campaigns":false,"_uag_custom_page_level_css":"","_monsterinsights_skip_tracking":false,"_monsterinsights_sitenote_active":false,"_monsterinsights_sitenote_note":"","_monsterinsights_sitenote_category":0,"footnotes":""},"aioseo_notices":[],"uagb_featured_image_src":{"full":false,"thumbnail":false,"medium":false,"medium_large":false,"large":false,"1536x1536":false,"2048x2048":false,"blogarise-slider-full":false,"blogarise-featured":false,"blogarise-medium":false},"uagb_author_info":{"display_name":"explorandolared.com","author_link":"https:\/\/explorandolared.com\/index.php\/author\/explorandolared-com\/"},"uagb_comment_info":0,"uagb_excerpt":"\u00a1Bienvenido a Explorando La Red! Somos tu destino definitivo para inspirarte con historias de \u00e9xito de emprendedores destacados en el mundo digital o anal\u00f3gico que nos llamen la atenci\u00f3n de forma especial. Desde visionarios que han revolucionado industrias hasta innovadores que han transformado sue\u00f1os en realidades, aqu\u00ed encontrar\u00e1s una recopilaci\u00f3n exclusiva de entrevistas en video&hellip;","_links":{"self":[{"href":"https:\/\/explorandolared.com\/index.php\/wp-json\/wp\/v2\/pages\/2"}],"collection":[{"href":"https:\/\/explorandolared.com\/index.php\/wp-json\/wp\/v2\/pages"}],"about":[{"href":"https:\/\/explorandolared.com\/index.php\/wp-json\/wp\/v2\/types\/page"}],"author":[{"embeddable":true,"href":"https:\/\/explorandolared.com\/index.php\/wp-json\/wp\/v2\/users\/1"}],"replies":[{"embeddable":true,"href":"https:\/\/explorandolared.com\/index.php\/wp-json\/wp\/v2\/comments?post=2"}],"version-history":[{"count":8,"href":"https:\/\/explorandolared.com\/index.php\/wp-json\/wp\/v2\/pages\/2\/revisions"}],"predecessor-version":[{"id":161,"href":"https:\/\/explorandolared.com\/index.php\/wp-json\/wp\/v2\/pages\/2\/revisions\/161"}],"wp:attachment":[{"href":"https:\/\/explorandolared.com\/index.php\/wp-json\/wp\/v2\/media?parent=2"}],"curies":[{"name":"wp","href":"https:\/\/api.w.org\/{rel}","templated":true}]}}